188*r = -182*r - 2760. What is the hundreds digit of r?
4
Let h be -2 - ((-185 - -4) + -1). Let w = h - 61. What is the units digit of w?
9
What is the tens digit of (-34)/(-2 - (-352)/184)?
9
Let m(g) = -3*g + 23. Let l be m(6). Suppose 0 = -3*b + 4*r + 444, -5*b + 7*b - l*r = 303. Let s = -87 + b. What is the units digit of s?
7
Suppose 0 = -2*s + s + 2. Suppose -4 = s*f - 10. Suppose -4*i - 2 = -3*n - 46, 11 = i - f*n. What is the tens digit of i?
1
Suppose 10*y + 243 = 7*y. Let t = y + 19. Let p = t + 123. What is the units digit of p?
1
What is the units digit of ((-21)/6)/((-22)/(-44)) + 2022?
5
Let q = 126 - 26. What is the hundreds digit of q?
1
Let h = -67 - -40. Let b = 4 + -9. Let p = b - h. What is the units digit of p?
2
Let v be (-112)/(-6)*3/(-2). Let r be ((-2)/1)/(4/v). Let q = -6 + r. What is the units digit of q?
8
Let m(z) = z**2 + 11*z - 10. Let i be m(-15). Let b be (8/10)/(1/i). Suppose 6*d - 7*d = -b. What is the units digit of d?
0
Let i(d) = -27*d - 85. What is the hundreds digit of i(-14)?
2
Let v be (-2)/(-3) + 4/(-6). Let s = 183 + -177. Suppose -4*m - s*y + y + 93 = v, -m + 30 = -y. What is the tens digit of m?
2
Suppose 31*y = 3248 + 12810. What is the hundreds digit of y?
5
Let a(x) = 4*x. Let d be a(1). Let v(k) = -k + d*k + k**3 - 5 - 15*k**2 + 3 + 5*k**2. What is the units digit of v(10)?
8
Suppose -6 = 2*d, -2*n + 4 - 1 = 3*d. What is the tens digit of (-9)/n*(-294)/9?
4
Suppose 4*s - 3*j = 12, -5*s + 10 = 2*j - 5. Suppose 684 = 3*v + s*v. What is the units digit of v?
4
Suppose 0 = 180*m - 185*m + 9625. Suppose -2*v = 9*v - m. What is the tens digit of v?
7
Let y = -16 + 26. Let z = y - -23. Suppose 156 = 3*m - z. What is the tens digit of m?
6
Suppose 31*v - 24 = 25*v. Suppose -2*d - 644 = -2*b, 342 + 938 = 4*b + v*d. What is the tens digit of b?
2
What is the thousands digit of 0 + (-87477)/(-33) + 4/22?
2
Let z be 1/((9/(-38))/(-9)). Let i = 118 - z. Suppose -315 = -5*t - i. What is the units digit of t?
7
Let p(v) = v**3 + 8*v**2. Let b be p(-8). Suppose b = f, f + 0 + 14 = r. Let t = 47 - r. What is the units digit of t?
3
Suppose 5*a - 8 = 32. Suppose 13 = -5*p + a. Let b = 42 + p. What is the units digit of b?
1
Let p = 1298 - 887. What is the tens digit of p?
1
Let z(l) = -l**3 + 9*l**2 + 10*l. Let y be z(10). Suppose -4*t - t + 415 = y. What is the tens digit of t?
8
Suppose -q - 4*q = -10, 19 = 3*k + 5*q. Suppose 0 = d + k*d - 32. What is the tens digit of 116*2*1/d?
2
Suppose -4*y - 11 = 1. Let t be y*(-2)/6*14. What is the units digit of 189/t - 3/(-2)?
5
Suppose 5*l + f = l + 230, 5*f + 242 = 4*l. Suppose 4*r = l + 382. What is the hundreds digit of r?
1
Let u(n) = -2*n**3 + 6*n**2 + 12. What is the tens digit of u(-5)?
1
Suppose 0*w = u + 5*w - 8, -2*w - 8 = 0. Suppose 0 = -27*f + u*f - 42. What is the tens digit of f?
4
Let o(u) = 1276*u**2 + 15*u + 5. What is the tens digit of o(-1)?
6
Suppose 0*a - 72 = a. Let f = a - -139. Let j = -11 + f. What is the units digit of j?
6
Let t(f) be the first derivative of -f**3/3 - f**2/2 + 2*f - 1. Suppose 0 = 14*a - 18*a. What is the units digit of t(a)?
2
Let f(u) = u**2 - 2*u - 175. Let a be f(0). Let w = -85 - a. What is the tens digit of w?
9
Let j(p) = 58*p - 19. Let v be j(4). Let k = v + -75. What is the hundreds digit of k?
1
Let m(w) = -w**2 + 6*w + 16. Let x be m(6). Suppose -x*t + 104 = -12*t. What is the units digit of t?
6
Suppose 29205 = -146*o + 155*o. What is the units digit of o?
5
Suppose -6*j + 3*j - 18 = 0. What is the units digit of -1 - (-76)/(-8)*j?
6
Suppose a - 119 - 123 = 0. What is the units digit of a?
2
Let r be 165/11*(-1 + 0). Let q be -3 + 1 + r + -1. Let g = 31 + q. What is the units digit of g?
3
Let j(b) = -b**2 + 104*b + 1175. What is the tens digit of j(0)?
7
Let v(x) be the third derivative of x**6/60 + x**5/30 - x**4/12 - x**3/3 + 4*x**2. Let o be v(-2). Let w(m) = -4*m + 13. What is the units digit of w(o)?
7
Suppose -16*y - 4958 + 12510 = 0. What is the tens digit of y?
7
Let t be (-70)/4 - 12/(-8). Let o = t + 44. Let z = o - 8. What is the units digit of z?
0
Suppose 5*c - 14 = -329. Let a = c + -2. Let h = a + 106. What is the tens digit of h?
4
Suppose 0*p = p - 5*r + 96, -p - 102 = -3*r. Let f = p + 176. What is the units digit of f?
5
Let b(d) = d**2 - 10*d - 2. Let t be b(10). Let v(h) = 10*h**2 + 3*h + 3. What is the units digit of v(t)?
7
Let c(b) = b**2 - 42*b - 313. What is the tens digit of c(-13)?
0
Let h(g) = 2*g**2 + 2*g + 3. Let p be h(-2). Suppose -l + a = -a - 2, 13 = 3*l + a. Suppose -3*m - 52 = -4*z - z, -p = -z + l*m. What is the tens digit of z?
1
Let r = 40 + 394. What is the hundreds digit of r?
4
What is the thousands digit of 11/33 + (11747/(-3))/(-1)?
3
Suppose 0 = 15*i + 100 + 5. Let h = i - -54. What is the units digit of h?
7
Suppose 2*w = -r + 6*r + 761, 4*r + 1877 = 5*w. What is the hundreds digit of w?
3
Let l = 236 + -133. Let b = l - 50. What is the units digit of b?
3
Suppose 48 = 8*n + 4*n. Suppose 3*p - n*q - 142 - 146 = 0, -3*p = 4*q - 312. What is the units digit of p?
0
Suppose -3*j + 5*v + 1 = -13, 0 = 2*j + 3*v - 3. Let m be (3 - 0)/j - -75. What is the units digit of -2*m/(-8) + -3?
6
Let v = 465 - -815. Suppose n + v = 11*n. What is the units digit of n?
8
Suppose 9 - 47 = 2*w. Let i = -14 - w. Suppose -2*n - 46 = -3*o - 6*n, -i*o = 3*n - 84. What is the tens digit of o?
1
Suppose 321 - 121 = 4*i. Suppose -5*o = -4*f - i, -o + 4*o = -2*f + 8. Let x(y) = y**3 - 2*y**2 - 17*y + 15. What is the tens digit of x(o)?
5
Let v(g) = 192*g**2 - 2*g - 2. What is the hundreds digit of v(-1)?
1
Let b be -6 - (-6 - -4 - -3). What is the units digit of (-1035)/(-63) - (-3)/b?
6
Let r = -3854 - -6598. What is the hundreds digit of r?
7
Let v(o) = o**3 - 9*o**2 - 3. Let b be v(9). Suppose -9 = -2*c + c. Let r = b + c. What is the units digit of r?
6
Suppose 0*p = 3*p. Suppose -5*x - 10 = p, -5*g = 3*x - 159 + 30. Let z = 47 - g. What is the tens digit of z?
2
Suppose 61*j - 57*j - 912 = 0. Suppose -j + 18 = -3*o. What is the tens digit of o?
7
Suppose 4*p + 6 + 84 = -2*j, -j + 3*p - 45 = 0. What is the tens digit of (-2349)/j - (-2)/(-10)?
5
What is the tens digit of 861 + 0 - (0 + -3)?
6
Suppose 62*h + 9637 = 41381. What is the tens digit of h?
1
Let c be 9*(40/(-12) - -3). Let k be (-1 + 3 + c)*25. What is the tens digit of (-5)/k + (-119)/(-5)?
2
Let b = 35 + -14. Suppose b*z - 472 = 17*z. What is the units digit of z?
8
Suppose 177*w = 159*w + 9198. What is the units digit of w?
1
Let v(j) = j**3 + 3*j**2 - 4*j - 1. Let b be v(2). Suppose b*a - 1232 = 605. What is the units digit of a?
7
Let o(n) = -148*n - 50. What is the hundreds digit of o(-4)?
5
Suppose -12 = -2*i + z, -5*i = 2*z - 10 - 2. Suppose 0*c = -i*c + 136. What is the units digit of c?
4
Let i = 16 + -25. Let y = 15 - i. Suppose 0 = 2*d - 18 - y. What is the tens digit of d?
2
Let u(x) = 5*x + 128. Let y be u(-32). Suppose -8*v + 3*v = 2*t + 336, -208 = 3*v - 2*t. Let k = y - v. What is the tens digit of k?
3
What is the tens digit of (-47)/(-6)*(-3 - -105)?
9
Let d(w) = 70*w**2 + 12*w - 42. What is the hundreds digit of d(3)?
6
Suppose -n - 5821 = -4*t, -2*t - n = -4065 + 1156. What is the tens digit of t?
5
Let v = -5175 - -7451. What is the units digit of v?
6
What is the hundreds digit of 67422/24 - 9/(-12)?
8
Let l(h) = -h**3 - 22*h**2 - 48*h - 26. What is the tens digit of l(-20)?
3
Let l(b) = b**3 + 18*b**2 - 4*b - 14. Suppose 35 = 10*u + 215. What is the units digit of l(u)?
8
Let d be (-2 + -1)/((-2)/18). Suppose h + d + 5 = 0. What is the units digit of (0 - h/2)*1?
6
Let z(o) = -o**3 + 18*o**2. Let l be z(18). Suppose -t + 66 + 1 = l. What is the tens digit of t?
6
Let n be (4 + (-6 - -1))*-243. Let d = 25 + n. What is the hundreds digit of d?
2
Let o(c) = 22*c + 10. What is the hundreds digit of o(9)?
2
Let n(t) = -t**3 - 9*t**2 - t - 9. Let q = -28 + 19. Let h be n(q). Suppose 3*i = -4*r + 40, -5*r + 28 = i - h*i. What is the units digit of i?
8
Let s(l) = l - 3. Let m(c) = 2*c + 2*c - 3 - 3*c + 0*c. Let w be m(9). What is the units digit of s(w)?
3
Let a = 2181 + -1489. What is the units digit of a?
2
Let b(k) = -6*k**3 - 5*k**2. What is the hundreds digit of b(-3)?
1
Let o(m) = m**2 + 13*m - 5. Supp